{"id":6,"date":"2010-02-25T01:58:06","date_gmt":"2010-02-25T01:58:06","guid":{"rendered":"http:\/\/www.cadernetadeviagem.com\/?page_id=2"},"modified":"2010-02-25T01:58:06","modified_gmt":"2010-02-25T01:58:06","slug":"sobre","status":"publish","type":"page","link":"https:\/\/cadernetadeviagem.com\/?page_id=6","title":{"rendered":"Sobre o site"},"content":{"rendered":"<p>Caderneta de Viagem \u00e9 um espa\u00e7o com informa\u00e7\u00f5es sobre viagens. Nosso site oferece\u00a0informa\u00e7\u00f5es \u00fateis para quem vai viajar. Procuramos apresentar boas imagens que estimulam nossa vontade de visitar os locais.<\/p>\n<p>A coordena\u00e7\u00e3o geral do site \u00e9 de Gustavo Gluto, conhecido divulgador de experi\u00eancias de viagem.<\/p>\n","protected":false},"excerpt":{"rendered":"<p>Caderneta de Viagem \u00e9 um espa\u00e7o com informa\u00e7\u00f5es sobre viagens. Nosso site oferece\u00a0informa\u00e7\u00f5es \u00fateis para quem vai viajar. Procuramos apresentar boas imagens que estimulam nossa vontade de visitar os locais. A coordena\u00e7\u00e3o geral do site \u00e9 de Gustavo Gluto, conhecido divulgador de experi\u00eancias de viagem.<\/p>\n","protected":false},"author":2,"featured_media":0,"parent":0,"menu_order":10,"comment_status":"open","ping_status":"open","template":"","meta":{"footnotes":""},"class_list":["post-6","page","type-page","status-publish","hentry"],"_links":{"self":[{"href":"https:\/\/cadernetadeviagem.com\/index.php?rest_route=\/wp\/v2\/pages\/6","targetHints":{"allow":["GET"]}}],"collection":[{"href":"https:\/\/cadernetadeviagem.com\/index.php?rest_route=\/wp\/v2\/pages"}],"about":[{"href":"https:\/\/cadernetadeviagem.com\/index.php?rest_route=\/wp\/v2\/types\/page"}],"author":[{"embeddable":true,"href":"https:\/\/cadernetadeviagem.com\/index.php?rest_route=\/wp\/v2\/users\/2"}],"replies":[{"embeddable":true,"href":"https:\/\/cadernetadeviagem.com\/index.php?rest_route=%2Fwp%2Fv2%2Fcomments&post=6"}],"version-history":[{"count":0,"href":"https:\/\/cadernetadeviagem.com\/index.php?rest_route=\/wp\/v2\/pages\/6\/revisions"}],"wp:attachment":[{"href":"https:\/\/cadernetadeviagem.com\/index.php?rest_route=%2Fwp%2Fv2%2Fmedia&parent=6"}],"curies":[{"name":"wp","href":"https:\/\/api.w.org\/{rel}","templated":true}]}}